ds digit of a?
3
Suppose 2*r + 2*q - 1 = 1, 3*r + 3 = 3*q. What is the tens digit of ((122*-2)/(-2 - r))/1?
2
Suppose 3*z - 2*u - 22 = 0, -4*z + 4*u - 19 + 55 = 0. Suppose 4*t - 4*d + 2*d = -42, 5*d + 21 = -z*t. Let k = 10 + t. What is the units digit of k?
1
Let i be 711/(-3) - (2 + -2 + 1). Let h = i - -348. What is the hundreds digit of h?
1
Suppose 1338 = 10*z - 1152. What is the hundreds digit of z?
2
Suppose -2*a - 170 + 450 = 0. Let l = a + -63. What is the tens digit of l?
7
Suppose 5*d - 3*s + 78 = 0, -2*d - 3*s - 48 = -0*s. Let c = -7 - d. What is the tens digit of c?
1
Suppose 10*b - 5590 - 7470 = 0. What is the tens digit of b?
0
Suppose -8*i - 2214 = -12022. What is the units digit of i?
6
Let s(f) = 2*f + 8. Let l be s(-9). Let u = 18 + l. What is the units digit of (-2)/u - 117/(-4)?
9
Suppose -5*p + i + 9191 = -3220, -5*i + 7469 = 3*p. What is the tens digit of p?
8
Let z(u) = 3*u - 3. Let q be 1*6/(-4)*2. Let s be (1 - q)/(6 + -4). What is the units digit of z(s)?
3
Suppose 2 = -z, -t - 5*z - 2720 = -6*t. What is the tens digit of t?
4
Let s(d) = d**2 - 7*d - 23. Let i be s(10). Suppose i*x - 5*x = 212. What is the units digit of x?
6
Suppose -3*r + 2*i = -211, 0 = -2*r + 3*i + 122 + 17. What is the tens digit of r?
7
Suppose 8*l - 3*l - 14 = -2*b, 0 = -b - 5*l + 12. Let g(h) = h**3 - 2*h - 1. Let j be g(b). What is the tens digit of 10/5 - j*-17?
5
Let b = -6554 + 9338. What is the tens digit of b?
8
Let o be (-8)/10 - 16848/(-135). Let y = o + 113. What is the tens digit of y?
3
Suppose 0 = -5*u - j + 3, 2*u + u + 6 = 2*j. Let h(b) = b**3 + 11*b**2 + 8*b - 8. Let m be h(-10). Suppose u = m*r - 15*r + 33. What is the units digit of r?
1
Suppose -3*d + r = -400, d + 3*r - 190 + 70 = 0. Suppose 4*b = 3*l - 15 - d, 5*l + 2*b = 219. What is the tens digit of l?
4
Suppose z - 3 = -3*h + 4*h, 4*h + 5*z + 3 = 0. Let l(r) = 5*r**2 - r + 2. What is the units digit of l(h)?
4
Let t = 25 + -22. Suppose 0 = -t*q + 30 + 204. What is the units digit of q?
8
Let b(a) = 3*a**2 + 3*a - 424. What is the thousands digit of b(-38)?
3
Suppose -6613 = -7*p - 10*p. What is the tens digit of p?
8
What is the thousands digit of ((-176)/(-24) - 8) + (-6436)/(-6)?
1
What is the tens digit of (-6 - 978/12)/(2/(-8))?
5
Suppose -40360 + 340 = -29*v. What is the tens digit of v?
8
Let r(y) = y**2 + 10. Let m be r(0). Let x = m - 7. What is the units digit of (x/6)/((-3)/(-42))?
7
Let f(b) = 9*b**2 + 6*b. What is the tens digit of f(6)?
6
Let g(u) be the first derivative of -1/4*u**4 + 2*u**2 - 2*u + 5/3*u**3 + 5. What is the units digit of g(3)?
8
Let i = -3793 + 7104. What is the units digit of i?
1
Let i be (-2)/6 + 4/(-6). Let k be (i/(-2))/((-8)/(-48)). Suppose -38 = -k*g + 28. What is the units digit of g?
2
Let w(z) = 5*z - 30. Let b(d) = -2*d + 15. Let j(n) = 9*b(n) + 4*w(n). What is the units digit of j(-6)?
3
What is the hundreds digit of (-2)/24 + 42640/192?
2
Let r = 2249 + -1414. What is the hundreds digit of r?
8
Suppose 4*m - 18 = 2*w - w, -4*m - 3*w = -10. Let k = -6 + 12. Let z = k - m. What is the units digit of z?
2
Let y(i) = i**3 + 10*i**2 + i + 10. Let o be y(-10). Suppose -9*j + 8*j + 288 = o. What is the hundreds digit of j?
2
Let i(z) = -4*z + 452. What is the hundreds digit of i(-11)?
4
What is the tens digit of 156/(-18)*(-225)/6?
2
Suppose 3*t = m + 7626, -5*m + 2903 + 4741 = 3*t. What is the thousands digit of t?
2
Suppose -g + 4*g - 12 = 0. Suppose -c = -g*h + 46, 0 = c - h + 12 + 22. Let q = -20 - c. What is the units digit of q?
0
What is the hundreds digit of (1270/40)/(1/20)?
6
Let l = 77 - 10. What is the tens digit of l?
6
Suppose -33 = -x + 4*g, 2*g = -3*x - 0*g + 29. Let l(v) = -v**2 + 23*v + 2. What is the units digit of l(x)?
2
Suppose -7*l + 80 = -5*l. Suppose 3*t = t + l. What is the units digit of 1*(-155)/t*-4?
1
Suppose 0 = -3*r + 87 - 18. Suppose -d + 167 + r = 0. What is the units digit of d?
0
Let r(u) = u**3 + 20*u**2 - 24*u - 69. What is the thousands digit of r(-9)?
1
Suppose -3 - 9 = -4*i. Suppose -2*h + 495 = 3*d, 0 = -i*h + 4*d + 707 + 10. What is the hundreds digit of h?
2
What is the tens digit of (18/2 + -2067)/(-2 - 0)?
2
Let m be 3*(-20)/(-24)*6. Let o = m - 7. Suppose o = g + 6. What is the units digit of g?
2
Let x(p) = 2*p - 10. Let z be x(7). Suppose -z*o - 4 = -5*r - 0*r, r = 5*o - 16. What is the units digit of 154/8 + (-1)/r?
9
Suppose c + 4*g = 23, 1 + 12 = c + 2*g. Let q(y) = 11 + 10*y - c*y - 3 + 3. What is the tens digit of q(6)?
5
Suppose -40*z + 2464 = -26*z. What is the units digit of z?
6
Let l(w) = -2*w - 9. Let k be l(-6). Suppose 2*x + h - 39 = 234, 279 = 2*x + k*h. What is the hundreds digit of x?
1
Suppose 2*s + 490 - 132 = 0. What is the units digit of s/(-2) + (-19)/38?
9
Let s be (-8 + 3)*5/5. What is the tens digit of (-170 + 2)*(s/(-2))/(-5)?
8
Let l(f) be the first derivative of -33*f**2/2 - 7*f + 15. What is the tens digit of l(-2)?
5
Let x = -15 - -14. Let l(g) = -27*g - 1. Let t be l(x). Suppose 5*v - t = 4*v. What is the units digit of v?
6
Let q = 132 + -115. Let y = 215 - q. What is the units digit of y?
8
What is the hundreds digit of (-7)/21*-179*12?
7
Let l(f) = -f**2 + 16*f + 40. Let k be l(18). Suppose 3*s - s = -10, 2*s - 558 = -k*c. What is the hundreds digit of c?
1
Let u be (-66)/(-16) - 10/80. What is the units digit of -3*(u - (-38)/(-6))?
7
What is the tens digit of 1737/6*(-12)/(-18)?
9
Suppose 4*f - 3*h - 28 = 0, -2*f + 3*h = f - 21. Let b = 4 + f. Let z = 19 - b. What is the units digit of z?
8
Suppose -14 = -2*c - 0. Suppose -p = 4*r - 4*p - 8, 0 = -3*r - 5*p + 6. What is the units digit of 1 + r - (-28)/c?
7
What is the tens digit of ((12 - 6) + -4)*10*23?
6
Let p(n) be the third derivative of -n**6/120 - n**5/15 + n**4/6 - 5*n**3/6 + 6*n**2. What is the units digit of p(-6)?
3
Let u = 34 + -64. Let n = u + 231. What is the tens digit of n?
0
What is the hundreds digit of 28971/(-18)*(-1 + -1)?
2
Let x(i) = -i + 13. Let w be x(7). Let f(b) be the third derivative of b**5/60 - b**4/12 + b**3 + b**2 + 14*b. What is the units digit of f(w)?
0
Suppose -5*p - 3*f = -2163, p = -2*f + 263 + 164. What is the tens digit of p?
3
Suppose -j = -5*j + 344. What is the units digit of j?
6
Let y(s) = -2*s**2 + 3*s + 1. Let p(u) = u**2 - 3*u - 1. Let f be p(4). Let o be y(f). Let m = o + 10. What is the units digit of m?
2
Let p(d) = 50*d**2 + 3*d + 2. Let k be p(-1). Let f(x) = -x**2 + 2*x + 8. Let y be f(6). Let n = k + y. What is the units digit of n?
3
What is the units digit of -4*11/((-55)/20)?
6
Let n(l) = 0*l**2 - l + 3*l - 7 - l**2 + 8*l. Let z be n(9). Suppose z*w - 2*c = c + 17, w = 3*c + 7. What is the tens digit of w?
1
Let s = 16 + -22. What is the units digit of (40/s)/(16/(-120))?
0
Let o = -924 + 1793. Suppose 129 = -2*i + o. Suppose 2*c + 135 - i = -5*f, 5*f = -5*c + 220. What is the units digit of f?
9
Let y be (-2)/18 - 9516/(-108). What is the units digit of -1 + (-2)/(-2) + y?
8
Let a(p) = p - 2*p + 3 + 0 + 4. Let q be a(0). Suppose -3*s - q + 25 = 0. What is the units digit of s?
6
Suppose -2 = -c - 4*h, -4*c + 1 - 10 = -h. Let z = 4 + -5. What is the units digit of z*-1*(-1 - c)?
1
Suppose -j + 5 = 0, 0*r + r - 3*j - 77 = 0. What is the tens digit of r?
9
Let t be -3*4*(-33)/6. Let z be 4/(-10) - t/(-15). Suppose 5*k + 6*p + 10 = 2*p, 20 = -z*p. What is the units digit of k?
2
Let r be (3 - 10/4)*48. Suppose -8*z + r = -2*z. Suppose 4*b + z = 8. What is the units digit of b?
1
Let x be -1*2 - (-5 - 65). Suppose 2*o + h = 218, -2*o + 4*h + x + 130 = 0. What is the hundreds digit of o?
1
Let x(t) = -3 - 15*t**2 + t**3 + 2*t**3 + t**3 - 3*t**3 + 2*t. What is the tens digit of x(15)?
2
Suppose 273*w = 283*w - 4300. What is the hundreds digit of w?
4
Let p(t) = -4*t + 6. Let g(m) = -6*m**2 - 3*m + 2. Let h be g(1). What is the units digit of p(h)?
4
Let b(g) = g**2 - 7*g + 10. Suppose -p + 50 = -6*p. Let f be 5*7*(-2)/p. What is the tens digit of b(f)?
1
Suppose 3*z - 20264 = -5*d + 8380, -22928 = -4*d + 4*z. What is the thousands digit of d?
5
Suppose 29*t - 30*t + 4 = 0. Let z be 2 - (1 + -3) - 1. Suppose -5*h + 18 = -4*f - 0, t = z*h + f. What is the units digit of h?
2
Suppose 30765 = 1044*w - 1029*w. What is the hundreds digit of w?
0
Let